hat is 171b13 - -9?
171b20
In base 10, what is -3700519 + 4?
-3700515
In base 16, what is b58c - -5?
b591
In base 10, what is 14 - -880?
894
In base 15, what is -a70 - -8?
-a67
In base 10, what is 2026265 + 2?
2026267
In base 9, what is 306346 - 2?
306344
In base 11, what is 2522 + 52?
2574
In base 2, what is -1110100 + -10101101010001?
-10101111000101
In base 4, what is -21 - -11302310?
11302223
In base 15, what is 7 + -395ea?
-395e3
In base 12, what is -13966 + 15?
-13951
In base 6, what is 3 + 515144?
515151
In base 4, what is 11 - -3331120?
3331131
In base 15, what is -dadd - 9?
-dae7
In base 12, what is -b3a4 + 4a?
-b356
In base 15, what is 73 - -76?
e9
In base 16, what is -70c4 - 1?
-70c5
In base 3, what is -1 - 11121002120?
-11121002121
In base 5, what is 4 + 31120411?
31120420
In base 2, what is 10110 - -111010101110?
111011000100
In base 14, what is -69d5 + 1?
-69d4
In base 8, what is 4 - -11542?
11546
In base 10, what is -4185 - -27?
-4158
In base 8, what is 661 - -60?
741
In base 13, what is 30b + -86?
255
In base 3, what is -2 + -12002001011?
-12002001020
In base 3, what is -11 - 202002121201?
-202002121212
In base 7, what is -416 - 123?
-542
In base 3, what is -1122 + -1000011?
-1001210
In base 9, what is -887 + 15?
-872
In base 7, what is 1234 - -13125?
14362
In base 16, what is 2b4 - -464?
718
In base 8, what is -135455 + 0?
-135455
In base 12, what is 28256 - -5?
2825b
In base 16, what is 3 - -12423?
12426
In base 12, what is 1427 + -318?
110b
In base 11, what is -411 - 0?
-411
In base 13, what is 23 - -2840?
2863
In base 11, what is 35 - -1878?
1902
In base 3, what is -2 - -21200122?
21200120
In base 6, what is -2124 + -10250?
-12414
In base 10, what is 403313 - -1?
403314
In base 9, what is -128440 + 35?
-128404
In base 11, what is -4 + 13760?
13757
In base 16, what is 52d44 - 5?
52d3f
In base 15, what is -4e - -5ba?
56b
In base 11, what is -469 - -625?
167
In base 11, what is 146 - -321?
467
In base 12, what is -3 + 24264?
24261
In base 4, what is -133100321 - 11?
-133100332
In base 16, what is 1b9c9 - -1?
1b9ca
In base 5, what is -440 + 20101?
14111
In base 16, what is 1 - -31fba?
31fbb
In base 12, what is 1 - 7329?
-7328
In base 4, what is 3 - -11002301?
11002310
In base 14, what is -64 + 54d?
4c9
In base 10, what is -2 + 136973?
136971
In base 16, what is -f0 - 10?
-100
In base 7, what is -622603 + -3?
-622606
In base 6, what is 1013150 - 55?
1013051
In base 7, what is 1435105 - -5?
1435113
In base 6, what is 51511 - -12?
51523
In base 7, what is -53 - -24112?
24026
In base 4, what is -302 + -212122?
-213030
In base 14, what is 3 - 22ab?
-22a8
In base 3, what is -21120010 + -101?
-21120111
In base 2, what is -100 - 1010011111000?
-1010011111100
In base 12, what is -23bb + 2?
-23b9
In base 2, what is -11011 - 1011100?
-1110111
In base 9, what is 15 + -1670?
-1654
In base 6, what is -30445543 + 3?
-30445540
In base 5, what is 1240342 + 10?
1240402
In base 9, what is 20 + 30?
50
In base 11, what is -3338 + -2?
-333a
In base 15, what is 29409 + 10?
29419
In base 6, what is 1 + -402300?
-402255
In base 7, what is 61 - 165?
-104
In base 5, what is 101332 - -23?
101410
In base 8, what is 4 - -743?
747
In base 13, what is 3234b + -5?
32346
In base 6, what is -13 - -54404?
54351
In base 7, what is -43426 - 15?
-43444
In base 5, what is 3 - -401223?
401231
In base 15, what is -317211 + 0?
-317211
In base 7, what is 0 + -14556?
-14556
In base 15, what is ac08 - 7?
ac01
In base 6, what is 2033 - -1440?
3513
In base 7, what is -1 + 24313?
24312
In base 9, what is 115761 - 0?
115761
In base 8, what is -3445 + 2?
-3443
In base 8, what is 5104 + 2?
5106
In base 5, what is 11003430 - -3?
11003433
In base 2, what is -110000000100111000101 - -10?
-110000000100111000011
In base 3, what is 12 + -210010220?
-210010201
In base 8, what is 3123 + -334?
2567
In base 2, what is -1 + 100111000011010100?
100111000011010011
In base 16, what is 3cdf + -5?
3cda
In base 13, what is 8a1 + -c?
892
In base 4, what is -3 - -3030?
3021
In base 4, what is 12 + 1023013321?
1023013333
In base 5, what is 1 - -24321?
24322
In base 4, what is -133031 - -20?
-133011
In base 6, what is 31 + -23411?
-23340
In base 2, what is 101 + -101110110101010?
-101110110100101
In base 5, what is -34032124 + -4?
-34032133
In base 14, what is 7 - -4dbb1?
4dbb8
In base 4, what is 110030 - 13?
110011
In base 12, what is 3 - 3305b?
-33058
In base 16, what is 21 + -6a07?
-69e6
In base 10, what is -438716 - 4?
-438720
In base 10, what is 33 - 1894?
-1861
In base 6, what is 4214451 - 1?
4214450
In base 3, what is 11111021220 + 0?
11111021220
In base 4, what is -22300 - 302201?
-331101
In base 5, what is 3230233 + 141?
3230424
In base 8, what is -667 - 1164?
-2053
In base 11, what is -2 + 11430?
11429
In base 5, what is 20 - -224440?
230010
In base 8, what is 50 - 2206?
-2136
In base 14, what is 22a64 - 4?
22a60
In base 6, what is 3210 - 24451?
-21241
In base 13, what is 59 - 32?
27
In base 8, what is -213446 - 1?
-213447
In base 13, what is -29c + -13c?
-40b
In base 11, what is 193 + 2093?
2276
In base 2, what is -10100110011001100101111 - -101?
-10100110011001100101010
In base 2, what is 1000 - 10000111101111000?
-10000111101110000
In base 2, what is -1001 + 1101001000011?
1101000111010
In base 7, what is 4 + -312615?
-312611
In base 7, what is -1 - 5323?
-5324
In base 13, what is -8442b6 - -5?
-8442b1
In base 7, what is -4 + 62246?
62242
In base 10, what is -68 - 732?
-800
In base 5, what is 3403 + -1030?
2323
In base 13, what is -30a2 + -3?
-30a5
In base 9, what is -74 + -6212?
-6286
In base 6, what is -2111310 + 0?
-2111310
In base 5, what is 1343 - -1040334?
1042232
In base 9, what is -4634 - -47?
-4576
In base 14, what is 438 - -2b?
465
In base 4, what is -1200 - 12232301?
-12300101
In base 14, what is -d3 + 83?
-50
In base 11, what is 1452 - -113?
1565
In base 11, what is -2 + -484?
-486
In base 10, what is 5 - -10881?
10886
In base 4, what is 13212 - 1032?
12120
In base 11, what is 70166a + 1?
701670
In base 16, what is -21161 + -3?
-21164
In base 14, what is -b8c3 - -6?
-b8bb
In base 16, what is -12fd + -30?
-132d
In base 16, what is -5 - -10e?
109
In base 3, what is -1 - -120122?
120121
In base 8, what is -2140 + -55?
-2215
In base 15, what is 0 + 12e5?
12e5
In base 3, what is 102102 - -102?
102211
In base 13, what is -2b - 89?
-b7
In base 10, what is -51 + 566?
515
In base 4, what is 22 + -11131023?
-11131001
In base 3, what is -2 - 122100010?
-122100012
In base 4, what is 13023332 + -10?
13023322
In base 15, what is 9 - -19ac3?
19acc
In base 10, what is -4588 + 1?
-4587
In base 8, what is 6341 + -53?
6266
In base 12, what is 15 + 613?
628
In base 11, what is 1 + -126652?
-126651
In base 5, what is 303 + 40244?
41102
In base 9, what is -5 + -27328?
-27334
In base 5, what is 2 + -32310104?
-32310102
In base 14, what is 41 + 49c?
4dd
In base 13, what is 2 + -41a?
-418
In base 14, what is 65b - 27?
634
In base 4, what is -121110 - 3132?
-130302
In base 16, what is -18 - -3a6f?
3a57
In base 5, what is -144 - -232?
33
In base 3, what is -122111 - -12122?
-102212
In base 5, what is 314324 + 0?
314324
In base 2, what is -100 + -11010111010011?
-11010111010111
In base 4, what is -121130 - -2?
-121122
In base 16, what is -7c - 2?
-7e
In base 6, what is 0 + 31210?
31210
In base 12, what is -220 + 22?
-1ba
In base 11, what is 13310 - -1?
13311
In base 7, what is 2014216 - 3?
2014213
In base 14, what is -1697 - a3?
-175a
In base 13, what is c6 - 25b?
-165
In base 4, what is -1000 + 103011?
102011
In base 15, what is -3c13 + -11b?
-3d2e
In base 14, what is 4 + -ad48a?
-ad486
In base 15, what is -16110 - 3?
-16113
In base 12, what is 25 + -1304?
-129b
In base 15, what is -5 + -5e0c?
-5e12
In base 4, what is -213 + -1232032?
-1232311
In base 7, what is -25406 - 152?
-25561
In base 6, what is -21 + -14321254?
-14321315
In base 2, what is 11010110100001000 + 101?
11010110100001101
In base 13, what is 17 + 22b5?
22cc
In base 11, what is -208 + -16802?
-16a0a
In base 3, what is -10 - 10202020?
-10202100
In base 4, what is -1023230232 - 13?
-1023230311
In base 6, what is 12312 + -201?
12111
In base 8, what is 11 - 10662?
-10651
In base 3, what is 111120221 + -1010?
111112211
In base 16, what